{"id":933,"date":"2012-07-06T18:49:10","date_gmt":"2012-07-06T20:49:10","guid":{"rendered":"http:\/\/nuitssaintpierre.com\/?page_id=933"},"modified":"2021-04-19T12:27:21","modified_gmt":"2021-04-19T14:27:21","slug":"about-the-house-la-maison","status":"publish","type":"page","link":"https:\/\/nuitssaintpierre.com\/?page_id=933","title":{"rendered":"\u00c0 propos"},"content":{"rendered":"<p><\/p>\n<blockquote><p>Le succ\u00e8s de Nuits Saint-Pierre tient aussi \u00e0 son ambiance particuli\u00e8re. Ni famili\u00e8re, ni guind\u00e9e, nous avons su cr\u00e9er une atmosph\u00e8re \u00e0 la fois amicale et r\u00e9serv\u00e9e.<\/p>\n<p>Tout simplement \u00e0 l&rsquo;\u00e9coute et au service de nos clients.<\/p><\/blockquote>\n<h3>Une belle maison<\/h3>\n<p><img decoding=\"async\" loading=\"lazy\" class=\"alignnone size-large wp-image-371\" src=\"http:\/\/nuitssaintpierre.com\/wp-content\/uploads\/2010\/05\/Feu-1939-1024x332.jpg\" alt=\"feu de 1939 quartier de Nuits Saint-Pierre\" width=\"1024\" height=\"332\" srcset=\"https:\/\/nuitssaintpierre.com\/wp-content\/uploads\/2010\/05\/Feu-1939-1024x332.jpg 1024w, https:\/\/nuitssaintpierre.com\/wp-content\/uploads\/2010\/05\/Feu-1939-300x97.jpg 300w, https:\/\/nuitssaintpierre.com\/wp-content\/uploads\/2010\/05\/Feu-1939-768x249.jpg 768w\" sizes=\"(max-width: 1024px) 100vw, 1024px\" \/><\/p>\n<p>En 1939, la ville de Saint-Pierre est une nouvelle fois ravag\u00e9e par un gigantesque incendie. Un tiers de la ville est d\u00e9truit.<\/p>\n<p>Jos\u00e9phine et Georges Pannier viennent de perdre la maison qu&rsquo;ils avaient acquis quelques mois plus t\u00f4t. Ils d\u00e9cident de reconstruire sur les d\u00e9combres de l&rsquo;ancien immeuble, situ\u00e9 en plein coeur de Saint-Pierre, un endroit id\u00e9al pour y monter une affaire.<\/p>\n<p>Ils ont tout perdu. Tout, sauf leur caract\u00e8re entreprenant. Cette fois, ils construisent \u00ab\u00a0en dur\u00a0\u00bb. Il en ressort une belle demeure, vaste et lumineuse.<\/p>\n<p>Au rez-de-chauss\u00e9e, ils \u00e9tablissent ce qui deviendra vite l&rsquo;incontournable \u00ab\u00a0Magasin G\u00e9n\u00e9ral Pannier &#8211; Gros et D\u00e9tail\u00a0\u00bb.<\/p>\n<p>Aux \u00e9tages, l&rsquo;appartement familial.<\/p>\n<p>Alors que Georges travaille pour la vente en gros et la concession Renault, Jos\u00e9phine a en charge le magasin de d\u00e9tail.<\/p>\n<div id=\"attachment_438\" style=\"width: 226px\" class=\"wp-caption alignright\"><img aria-describedby=\"caption-attachment-438\" decoding=\"async\" loading=\"lazy\" class=\"wp-image-438 size-medium\" title=\"M. Pannier \u00e0 son bureau \" src=\"http:\/\/nuitssaintpierre.com\/wp-content\/uploads\/2010\/06\/bureau-300x191.jpg\" width=\"216\" height=\"138\" \/><p id=\"caption-attachment-438\" class=\"wp-caption-text\">M. Pannier \u00e0 son bureau (Photo P. Derible)<\/p><\/div>\n<p>Elle a un go\u00fbt prononc\u00e9 pour les belles choses, elle s\u00e9lectionne des produits de marques toujours florissantes aujourd&rsquo;hui : Petit B\u00e2teau, Antin\u00e9a, Christofle, etc&#8230; Tr\u00e8s vite, la Maison Pannier bruisse d&rsquo;une incessante activit\u00e9 commerciale.<\/p>\n<p>Leurs affaires prosp\u00e8rent de longues ann\u00e9es et puis Georges s&rsquo;en est all\u00e9, en 1982.<\/p>\n<p>Jos\u00e9phine resta seule dans sa grande maison.<\/p>\n<p>En 1991, ce fut la maison de retraite, o\u00f9 elle s&rsquo;\u00e9teignit \u00e0 l&rsquo;\u00e2ge de 103 ans. Elle laisse le souvenir d&rsquo;une personnalit\u00e9 hors du commun, une femme d&rsquo;affaires respect\u00e9e et avant-gardiste \u00e0 qui nous tenons \u00e0 rendre hommage.<\/p>","protected":false},"excerpt":{"rendered":"<p>Le succ\u00e8s de Nuits Saint-Pierre tient aussi \u00e0 son ambiance particuli\u00e8re. Ni famili\u00e8re, ni guind\u00e9e, nous avons su cr\u00e9er une atmosph\u00e8re \u00e0 la fois amicale et r\u00e9serv\u00e9e.<br \/>\nTout simplement \u00e0 l&rsquo;\u00e9coute et au service de nos clients.<br \/>\nUne belle maison<\/p>\n<p>En 1939, la ville de Saint-Pierre est une nouvelle fois ravag\u00e9e par un gigantesque incendie. Un tiers de la ville est d\u00e9truit.<br \/>\nJos\u00e9phine et <\/p>\n","protected":false},"author":2,"featured_media":0,"parent":0,"menu_order":6,"comment_status":"closed","ping_status":"closed","template":"","meta":{"_mi_skip_tracking":false},"_links":{"self":[{"href":"https:\/\/nuitssaintpierre.com\/index.php?rest_route=\/wp\/v2\/pages\/933"}],"collection":[{"href":"https:\/\/nuitssaintpierre.com\/index.php?rest_route=\/wp\/v2\/pages"}],"about":[{"href":"https:\/\/nuitssaintpierre.com\/index.php?rest_route=\/wp\/v2\/types\/page"}],"author":[{"embeddable":true,"href":"https:\/\/nuitssaintpierre.com\/index.php?rest_route=\/wp\/v2\/users\/2"}],"replies":[{"embeddable":true,"href":"https:\/\/nuitssaintpierre.com\/index.php?rest_route=%2Fwp%2Fv2%2Fcomments&post=933"}],"version-history":[{"count":4,"href":"https:\/\/nuitssaintpierre.com\/index.php?rest_route=\/wp\/v2\/pages\/933\/revisions"}],"predecessor-version":[{"id":10419,"href":"https:\/\/nuitssaintpierre.com\/index.php?rest_route=\/wp\/v2\/pages\/933\/revisions\/10419"}],"wp:attachment":[{"href":"https:\/\/nuitssaintpierre.com\/index.php?rest_route=%2Fwp%2Fv2%2Fmedia&parent=933"}],"curies":[{"name":"wp","href":"https:\/\/api.w.org\/{rel}","templated":true}]}}

À propos

<p></p>
<blockquote><p>Le succès de Nuits Saint-Pierre tient aussi à son ambiance particulière. Ni familière, ni guindée, nous avons su créer une atmosphère à la fois amicale et réservée.</p>
<p>Tout simplement à l&rsquo;écoute et au service de nos clients.</p></blockquote>
<h3>Une belle maison</h3>
<p><img decoding="async" loading="lazy" class="alignnone size-large wp-image-371" src="http://nuitssaintpierre.com/wp-content/uploads/2010/05/Feu-1939-1024x332.jpg" alt="feu de 1939 quartier de Nuits Saint-Pierre" width="1024" height="332" srcset="https://nuitssaintpierre.com/wp-content/uploads/2010/05/Feu-1939-1024x332.jpg 1024w, https://nuitssaintpierre.com/wp-content/uploads/2010/05/Feu-1939-300x97.jpg 300w, https://nuitssaintpierre.com/wp-content/uploads/2010/05/Feu-1939-768x249.jpg 768w" sizes="(max-width: 1024px) 100vw, 1024px" /></p>
<p>En 1939, la ville de Saint-Pierre est une nouvelle fois ravagée par un gigantesque incendie. Un tiers de la ville est détruit.</p>
<p>Joséphine et Georges Pannier viennent de perdre la maison qu&rsquo;ils avaient acquis quelques mois plus tôt. Ils décident de reconstruire sur les décombres de l&rsquo;ancien immeuble, situé en plein coeur de Saint-Pierre, un endroit idéal pour y monter une affaire.</p>
<p>Ils ont tout perdu. Tout, sauf leur caractère entreprenant. Cette fois, ils construisent « en dur ». Il en ressort une belle demeure, vaste et lumineuse.</p>
<p>Au rez-de-chaussée, ils établissent ce qui deviendra vite l&rsquo;incontournable « Magasin Général Pannier &#8211; Gros et Détail ».</p>
<p>Aux étages, l&rsquo;appartement familial.</p>
<p>Alors que Georges travaille pour la vente en gros et la concession Renault, Joséphine a en charge le magasin de détail.</p>
<div id="attachment_438" style="width: 226px" class="wp-caption alignright"><img aria-describedby="caption-attachment-438" decoding="async" loading="lazy" class="wp-image-438 size-medium" title="M. Pannier à son bureau " src="http://nuitssaintpierre.com/wp-content/uploads/2010/06/bureau-300x191.jpg" width="216" height="138" /><p id="caption-attachment-438" class="wp-caption-text">M. Pannier à son bureau (Photo P. Derible)</p></div>
<p>Elle a un goût prononcé pour les belles choses, elle sélectionne des produits de marques toujours florissantes aujourd&rsquo;hui : Petit Bâteau, Antinéa, Christofle, etc&#8230; Très vite, la Maison Pannier bruisse d&rsquo;une incessante activité commerciale.</p>
<p>Leurs affaires prospèrent de longues années et puis Georges s&rsquo;en est allé, en 1982.</p>
<p>Joséphine resta seule dans sa grande maison.</p>
<p>En 1991, ce fut la maison de retraite, où elle s&rsquo;éteignit à l&rsquo;âge de 103 ans. Elle laisse le souvenir d&rsquo;une personnalité hors du commun, une femme d&rsquo;affaires respectée et avant-gardiste à qui nous tenons à rendre hommage.</p>

<p>Le succès de Nuits Saint-Pierre tient aussi à son ambiance particulière. Ni familière, ni guindée, nous avons su créer une atmosphère à la fois amicale et réservée.<br />
Tout simplement à l&rsquo;écoute et au service de nos clients.<br />
Une belle maison</p>
<p>En 1939, la ville de Saint-Pierre est une nouvelle fois ravagée par un gigantesque incendie. Un tiers de la ville est détruit.<br />
Joséphine et </p>
